{"id":222,"date":"2015-01-27T11:15:28","date_gmt":"2015-01-27T10:15:28","guid":{"rendered":"http:\/\/www.teraneo.fr\/site\/?page_id=222"},"modified":"2015-02-03T09:42:53","modified_gmt":"2015-02-03T08:42:53","slug":"au-secours-il-faut-recuperer-mes-documents","status":"publish","type":"page","link":"https:\/\/www.teraneo.fr\/site\/strategies-de-sauvegarde\/au-secours-il-faut-recuperer-mes-documents\/","title":{"rendered":"Au secours ! Il me faut r\u00e9cup\u00e9rer mes documents"},"content":{"rendered":"<div class=\"texte\" dir=\"ltr\">\n<p>Une erreur s\u2019est gliss\u00e9e, un message apparait \u00e0 l\u2019\u00e9cran, vous cliquez sans r\u00e9fl\u00e9chir sur \u2019Oui\u2019 et tout est effac\u00e9&#8230;<br class=\"autobr\" \/> Ce n\u2019est arriv\u00e9 \u00e0 personne\u00a0???<\/p>\n<p>Par contre il est vital de pouvoir r\u00e9cup\u00e9rer tout ou partie des documents malencontreusement effac\u00e9s&#8230;<\/p>\n<p>Documents Office, Excel, Word, Fichiers PDF, comptabilit\u00e9, ancienne version d\u2019un document, tout est r\u00e9cup\u00e9rable, apr\u00e8s une analyse initiale vous saurez l\u2019\u00e9tat de conservation et la probabilit\u00e9 de r\u00e9cup\u00e9ration<\/p>\n<ol>\n<li>Avant le sinistre, vous aviez une sauvegarde en \u00e9tat de marche<br class=\"autobr\" \/> Une analyse initiale dure 10 minutes, vous saurez imm\u00e9diatement l\u2019\u00e9tat de conservation (bonne) et la probabilit\u00e9 de r\u00e9cup\u00e9ration (grande), en g\u00e9n\u00e9ral seules les donn\u00e9es du jour sont perdues ou difficilement r\u00e9cup\u00e9rables.<\/li>\n<li>Avant le sinistre, vous n\u2019aviez jamais pens\u00e9 \u00e0 faire une sauvegarde<br class=\"autobr\" \/> Surtout, commencez par ne plus utiliser l\u2019ordinateur. La meilleur solution est de l\u2019\u00e9teindre imp\u00e9rativement.<br class=\"autobr\" \/> Une analyse initiale minutieuse vous permettra de connaitre l\u2019\u00e9tat de conservation et la probabilit\u00e9 de r\u00e9cup\u00e9ration, qui peuvent \u00eatre extr\u00eamement variable.<\/li>\n<\/ol>\n\n<div class=\"wpcf7 no-js\" id=\"wpcf7-f108-o1\" lang=\"fr-FR\" dir=\"ltr\" data-wpcf7-id=\"108\">\n<div class=\"screen-reader-response\"><p role=\"status\" aria-live=\"polite\" aria-atomic=\"true\"><\/p> <ul><\/ul><\/div>\n<form action=\"\/site\/wp-json\/wp\/v2\/pages\/222#wpcf7-f108-o1\" method=\"post\" class=\"wpcf7-form init\" aria-label=\"Formulaire de contact\" novalidate=\"novalidate\" data-status=\"init\">\n<fieldset class=\"hidden-fields-container\"><input type=\"hidden\" name=\"_wpcf7\" value=\"108\" \/><input type=\"hidden\" name=\"_wpcf7_version\" value=\"6.1.5\" \/><input type=\"hidden\" name=\"_wpcf7_locale\" value=\"fr_FR\" \/><input type=\"hidden\" name=\"_wpcf7_unit_tag\" value=\"wpcf7-f108-o1\" \/><input type=\"hidden\" name=\"_wpcf7_container_post\" value=\"0\" \/><input type=\"hidden\" name=\"_wpcf7_posted_data_hash\" value=\"\" \/><input type=\"hidden\" name=\"_wpcf7_recaptcha_response\" value=\"\" \/>\n<\/fieldset>\n<p>Votre nom (obligatoire)\n<\/p>\n<p><span class=\"wpcf7-form-control-wrap\" data-name=\"your-name\"><input size=\"40\" maxlength=\"400\" class=\"wpcf7-form-control wpcf7-text wpcf7-validates-as-required\" aria-required=\"true\" aria-invalid=\"false\" value=\"\" type=\"text\" name=\"your-name\" \/><\/span>\n<\/p>\n<p>Votre email (obligatoire)\n<\/p>\n<p><span class=\"wpcf7-form-control-wrap\" data-name=\"your-email\"><input size=\"40\" maxlength=\"400\" class=\"wpcf7-form-control wpcf7-email wpcf7-validates-as-required wpcf7-text wpcf7-validates-as-email\" aria-required=\"true\" aria-invalid=\"false\" value=\"\" type=\"email\" name=\"your-email\" \/><\/span>\n<\/p>\n<p>Sujet\n<\/p>\n<p><span class=\"wpcf7-form-control-wrap\" data-name=\"your-subject\"><input size=\"40\" maxlength=\"400\" class=\"wpcf7-form-control wpcf7-text\" aria-invalid=\"false\" value=\"\" type=\"text\" name=\"your-subject\" \/><\/span>\n<\/p>\n<p>Votre message\n<\/p>\n<p><span class=\"wpcf7-form-control-wrap\" data-name=\"your-message\"><textarea cols=\"40\" rows=\"10\" maxlength=\"2000\" class=\"wpcf7-form-control wpcf7-textarea\" aria-invalid=\"false\" name=\"your-message\"><\/textarea><\/span>\n<\/p>\n<p><input class=\"wpcf7-form-control wpcf7-submit has-spinner\" type=\"submit\" value=\"Envoyer\" \/>\n<\/p><div class=\"wpcf7-response-output\" aria-hidden=\"true\"><\/div>\n<\/form>\n<\/div>\n\n<\/div>\n","protected":false},"excerpt":{"rendered":"<p>Une erreur s\u2019est gliss\u00e9e, un message apparait \u00e0 l\u2019\u00e9cran, vous cliquez sans r\u00e9fl\u00e9chir sur \u2019Oui\u2019 et tout est effac\u00e9&#8230; Ce n\u2019est arriv\u00e9 \u00e0 personne\u00a0??? Par contre il est vital de pouvoir r\u00e9cup\u00e9rer tout ou partie des documents malencontreusement effac\u00e9s&#8230; Documents Office, Excel, Word, Fichiers PDF, comptabilit\u00e9, ancienne version d\u2019un document, tout est r\u00e9cup\u00e9rable, apr\u00e8s une [&hellip;]<\/p>\n","protected":false},"author":1,"featured_media":170,"parent":26,"menu_order":0,"comment_status":"closed","ping_status":"open","template":"","meta":{"footnotes":""},"class_list":["post-222","page","type-page","status-publish","has-post-thumbnail"],"_links":{"self":[{"href":"https:\/\/www.teraneo.fr\/site\/wp-json\/wp\/v2\/pages\/222","targetHints":{"allow":["GET"]}}],"collection":[{"href":"https:\/\/www.teraneo.fr\/site\/wp-json\/wp\/v2\/pages"}],"about":[{"href":"https:\/\/www.teraneo.fr\/site\/wp-json\/wp\/v2\/types\/page"}],"author":[{"embeddable":true,"href":"https:\/\/www.teraneo.fr\/site\/wp-json\/wp\/v2\/users\/1"}],"replies":[{"embeddable":true,"href":"https:\/\/www.teraneo.fr\/site\/wp-json\/wp\/v2\/comments?post=222"}],"version-history":[{"count":2,"href":"https:\/\/www.teraneo.fr\/site\/wp-json\/wp\/v2\/pages\/222\/revisions"}],"predecessor-version":[{"id":248,"href":"https:\/\/www.teraneo.fr\/site\/wp-json\/wp\/v2\/pages\/222\/revisions\/248"}],"up":[{"embeddable":true,"href":"https:\/\/www.teraneo.fr\/site\/wp-json\/wp\/v2\/pages\/26"}],"wp:featuredmedia":[{"embeddable":true,"href":"https:\/\/www.teraneo.fr\/site\/wp-json\/wp\/v2\/media\/170"}],"wp:attachment":[{"href":"https:\/\/www.teraneo.fr\/site\/wp-json\/wp\/v2\/media?parent=222"}],"curies":[{"name":"wp","href":"https:\/\/api.w.org\/{rel}","templated":true}]}}